= -30 - o. Calculate the remainder when u is divided by 3.
0
Suppose 279 = 17*i - 401. What is the remainder when 174 is divided by i?
14
Let a(y) = -19*y**3 + 3*y**2 + 2*y. Let l be a(-2). Let v = l + -105. Let p(h) = 20*h + 194. What is the remainder when v is divided by p(-9)?
13
Let u(t) = -t**3 + 7*t**2 - 6*t - 7. Let f be u(6). Let c = 11 + f. Calculate the remainder when (-3)/(-4) + 241/c is divided by 16.
13
Let f(g) = 19. Let b(p) = -p + 38. Let s(j) = -6*b(j) + 13*f(j). What is the remainder when 184 is divided by s(3)?
36
Suppose 5*n - 2*h = -255, 3*n + 2*h = 2*n - 39. Let t = n + 83. Suppose -4*m + 36*m - 384 = 0. What is the remainder when t is divided by m?
10
Suppose -8 = -5*z - s - 3*s, 2*s + 6 = 0. Suppose -u = z*u. Suppose -2*c + 23 - 1 = u. What is the remainder when 32 is divided by c?
10
Suppose -50 = 4*r + r. Let p(t) = -2*t - 10. Let m(k) = 20*k - 3. Calculate the remainder when m(1) is divided by p(r).
7
Suppose 5*o + 7 = 67. Let c = o + -6. Calculate the remainder when 29 is divided by c.
5
Let p(t) = 2*t**2 - 2*t + 3. Let m(b) = b**2 - 12*b + 2. Let k be m(12). Calculate the remainder when 60 is divided by p(k).
4
Suppose -8*j = -13*j + 85. What is the remainder when j is divided by 11?
6
Suppose 0 = 4*d - 36. Let v(i) be the third derivative of i**5/20 - i**4/6 + i**3/2 + 4*i**2. Calculate the remainder when v(4) is divided by d.
8
Let g(o) = -3*o**2 + 80*o - 34. Calculate the remainder when 33 is divided by g(26).
15
Let n = 810 - 724. Calculate the remainder when 255 is divided by n.
83
Suppose -5*h - 101 = -i, 0 = i - 45*h + 43*h - 89. What is the remainder when i is divided by 57?
24
Suppose -4*m + 3*h = -13 - 14, -m - h = 2. Suppose -m = 3*i - 45. Calculate the remainder when 25 is divided by i.
11
What is the remainder when 34 is divided by (-1 - (-85)/(-20))*16/(-6)?
6
Calculate the remainder when (-4 + (-129)/6)/((-1)/8) is divided by 16.
12
Let s = -1887 - -1908. Calculate the remainder when 64 is divided by s.
1
Let l(x) = 6*x**2 + 40*x - 4. Calculate the remainder when l(-8) is divided by 45.
15
Calculate the remainder when (6769/28)/(-2*(-4)/64) is divided by 15.
14
Suppose -2*w = -74 - 228. Let o = w - 134. What is the remainder when (-99)/(-2) + (-2)/(-4) is divided by o?
16
Let r = 33 - 15. Suppose 2*c + 8 = -4*k, -4 = -3*c - 2*c - 4*k. Suppose 0 = 5*f + w - 20, -w = f - c*w - 4. Calculate the remainder when r is divided by f.
2
Suppose -5*i + 4*s = 18 + 57, -3*s = 5*i + 40. Let k(d) = -2*d**2 - 24*d + 8. What is the remainder when 57 is divided by k(i)?
27
Let c be (9/(-12))/(12/(-4944)). Let v = -206 + c. Calculate the remainder when v is divided by 15.
13
Let a = -125 - -129. Suppose s + d + 0*d - 63 = 0, 0 = -a*d + 12. What is the remainder when s is divided by 21?
18
Suppose -68*b + 1354 + 686 = 0. Calculate the remainder when b is divided by 12.
6
Suppose 3*r - 10 = 4*i, 0*r - i + 1 = r. Suppose -55*m = -51*m - 28. Calculate the remainder when m is divided by r.
1
Suppose 113*t = 93*t + 800. Suppose b = 18 + 3. What is the remainder when t is divided by b?
19
Let q = 41 + 31. Suppose -18*n = -432 + q. What is the remainder when n is divided by 108/10 + (-1)/(-5)?
9
Let h = -78 + 76. What is the remainder when 4/(-6) - ((-245)/3 + h) is divided by 21?
20
Suppose -7*v + 774 = 123. Calculate the remainder when v is divided by 24.
21
Suppose n = 4*i + 7, 2*i - 1 = 2*n - 3*i. Let x = n - -23. What is the remainder when x is divided by 4?
2
Suppose 109*o - 108*o = 25. Calculate the remainder when 144 is divided by o.
19
Suppose -q + 26 = -k - 157, 5*q - 927 = -k. Calculate the remainder when q is divided by 25.
10
Let w = 159 + -88. What is the remainder when w is divided by ((-2)/(-3))/(600/(-1296) - 1/(-2))?
17
Suppose 0 = -310*a + 293*a + 102. What is the remainder when 40 is divided by a?
4
Calculate the remainder when 151 is divided by 7 + (3 - 21)/(-3).
8
Suppose 0 = 3*n - n - 8. Suppose -o + 10 = n*o. Suppose o*z = -0*z + 28. Calculate the remainder when 53 is divided by z.
11
Suppose 612 = 7*g + 10*g. What is the remainder when g is divided by 13?
10
Suppose 8 = x + s, x + 0*s - 14 = -3*s. Suppose -9*a + x = -670. Calculate the remainder when a is divided by 16.
11
Suppose a + 3*a - 36 = 0. Let s = -2 + a. Suppose s + 48 = 4*b - 5*v, 3*b = 4*v + 41. Calculate the remainder when 26 is divided by b.
11
Let k(y) = -7 + 0 - y - 3. Let f be k(0). What is the remainder when (-518)/f - (-2)/10 is divided by 27?
25
Let t be (2/1 - 5)*15/(-9). Suppose 4*q - 101 = -3*i, 0*q - 5*q = t*i - 170. Calculate the remainder when i is divided by 23.
12
Let n be 304/52 + -1 + (-4)/(-26). Suppose 0 = y - n - 6. Calculate the remainder when 27 is divided by y.
5
Let p = -27 + 22. Let q(k) = -11*k + 4. What is the remainder when q(p) is divided by 30?
29
Let b = 20 - -14. Calculate the remainder when 197 is divided by b.
27
Suppose -2*i + 177 + 5 = 0. Calculate the remainder when i is divided by 31.
29
Suppose 2*z = d + 3, 0 = -0*d + 3*d - 3*z - 3. Let o = -42 - -61. Suppose -9*l + 163 = o. Calculate the remainder when l is divided by d.
1
Suppose -4*n = 20, 5*b - 8*n + 6*n - 325 = 0. What is the remainder when 313 is divided by b?
61
Let x(o) = o + 31. Calculate the remainder when 1/(-4) - 2248/(-32) is divided by x(-13).
16
Let q(y) = 3*y + 27. Let o be q(-8). Let v(i) = -i**2 + 5*i - 3. Calculate the remainder when 7 is divided by v(o).
1
Let a(n) = -n + 2. Let d be a(9). Let t(z) = 2*z**3 - 18*z**2 - z + 15. Calculate the remainder when 2/d - (-214)/14 is divided by t(9).
3
Let j = -122 - -175. Suppose 2*c - 2*y = -c + 49, -y + 4 = 0. Calculate the remainder when j is divided by c.
15
Let j be (2/4)/(-1*(-1)/(-6)). Calculate the remainder when 2 is divided by 3/1 + j/6*4.
0
What is the remainder when 37 is divided by -19*(5 + -3)/(-2)?
18
Suppose 19*p = 15*p + 152. Let y = -25 + p. What is the remainder when 48 is divided by y?
9
Let g(p) = 2*p + 36. What is the remainder when g(29) is divided by 3?
1
Suppose -8 - 7 = -5*z. What is the remainder when (-51 - -62) + 1*2 is divided by z?
1
What is the remainder when 50 is divided by 11 + (-4 - (-5 - -8))?
2
Let m(q) be the first derivative of -41*q**2 + q - 5. Let d(w) = w**3 - 3*w**2 - 7*w - 1. Calculate the remainder when m(-1) is divided by d(5).
13
Suppose 5*s - 103 - 7 = 0. Suppose -5*u - 2*k + 58 - s = 0, 0 = u + 3*k - 15. Suppose 26 = 4*w - u. What is the remainder when w is divided by 5?
3
Suppose 146 - 382 = -3*v - 4*f, -5*f = 20. What is the remainder when v is divided by 32?
20
Suppose -2*p = p - 75. Let t = -166 + 298. Let d = t + -59. What is the remainder when d is divided by p?
23
Let l(c) = c - 6. Let s be l(-10). Let y be -8*(28/s - -1). Suppose 2*f + y = -b, -3*b + 4*f = 2*b - 26. What is the remainder when 7 is divided by b?
1
Let x = 156 + -98. Suppose -3*t + 53 = -j, -4*t + 41 = -3*j - 23. Suppose -3*o = -3*u - 36, -2*o - 3*u + t = -20. What is the remainder when x is divided by o?
13
Suppose 3*r + 34 = -2*c + 11, -2*c - r = 25. Let g(u) = 7*u**2 + 13*u**2 - 7*u**2 + u**3 + 4 - u. What is the remainder when g(c) is divided by 10?
7
Let r(x) = -26*x + 5. Let z be r(-1). Suppose 0 = -34*k + z*k + 12. Calculate the remainder when 12 is divided by k.
0
Suppose -2*b + 5*b - o = 125, 210 = 5*b - 2*o. Calculate the remainder when 356 is divided by b.
36
Let s = 949 + -638. Calculate the remainder when s is divided by 24.
23
Suppose -319 = -4*l - 55. What is the remainder when l is divided by 34?
32
Let q be (4 + 36/(-8))/((-2)/252). Suppose -2*x - 3*u = -54, u - q = -3*x + 4. What is the remainder when x is divided by 11?
10
Suppose 5*a - 4*m - 110 = -9*m, -31 = -a - 4*m. Suppose -129 = -5*c - a. Calculate the remainder when 41 is divided by c.
19
Suppose 0 = -5*q - 4*j - 30, -4*q + j - 1 = 2. Let m be 2*(-3)/(3/q). Suppose 0 = h + m*h - 130. What is the remainder when h is divided by 7?
5
Let p be 45/10*(-12)/9. Calculate the remainder when 87 is divided by -1*-33*(-4)/p.
21
What is the remainder when 32 is divided by 21 + 2 - (4 + 1)?
14
Let j(s) = -2*s + 155. Calculate the remainder when j(-34) is divided by 78.
67
Suppose -4*r + 7*r + 4*y - 20 = 0, 0 = -3*r - y + 32. Calculate the remainder when 71 is divided by r.
11
Calculate the remainder w